08127 a composite number?
True
Is 283738547 composite?
True
Is 88362488507 a prime number?
True
Is 30506373259 a prime number?
False
Is 159822401 composite?
True
Is 3015782797 a composite number?
True
Is 229242091 a prime number?
False
Is 407197606019 prime?
False
Is 350747437 prime?
True
Is 21604275766 a composite number?
True
Is 2454209171 composite?
True
Is 13875106862 a composite number?
True
Is 169837541209 a prime number?
False
Is 17676110633 composite?
False
Is 54558426389 a prime number?
True
Is 1183902191 a prime number?
False
Is 5517716761 a composite number?
False
Is 587500051 a composite number?
False
Is 43132969051 a composite number?
False
Is 1748554849 a composite number?
False
Is 11223515949 a composite number?
True
Is 373891781 prime?
True
Is 5814221933 composite?
True
Is 19441885907 prime?
False
Is 22567083827 composite?
False
Is 347080871 composite?
False
Is 103126383701 a prime number?
False
Is 40489769 composite?
False
Is 10466102011 composite?
False
Is 58235682809 a composite number?
False
Is 713137891 composite?
False
Is 19606413523 a composite number?
False
Is 1072611289 a composite number?
False
Is 570853237 prime?
True
Is 121442051 a prime number?
True
Is 2183213561 a composite number?
False
Is 12344601959 a composite number?
False
Is 21714810503 prime?
True
Is 61323741554 a prime number?
False
Is 13131056191 composite?
True
Is 8779862939 a prime number?
True
Is 255939919 composite?
False
Is 2688109161 a composite number?
True
Is 490553573 a composite number?
False
Is 519471769 a composite number?
False
Is 2258762963 prime?
True
Is 53392544033 prime?
True
Is 41753091673 a prime number?
True
Is 337875737 composite?
False
Is 57018904379 composite?
False
Is 263061217 a prime number?
True
Is 16098151733 a composite number?
True
Is 19486703 a composite number?
False
Is 44323950833 prime?
True
Is 4750556971 a composite number?
True
Is 1186660091 a prime number?
False
Is 62330706587 a composite number?
False
Is 252411953 prime?
False
Is 1361724337 composite?
False
Is 3378286729 composite?
False
Is 5492522221 prime?
False
Is 1287258589 a prime number?
False
Is 127577777 a prime number?
True
Is 60722257 a prime number?
True
Is 15375441749 prime?
True
Is 15016078673 a prime number?
True
Is 40389571163 prime?
True
Is 19854203771 a composite number?
False
Is 2759604191 a prime number?
False
Is 12331679557 composite?
False
Is 229495466 prime?
False
Is 1582573397 prime?
False
Is 186526765735 composite?
True
Is 4289744809 prime?
False
Is 232855261 a prime number?
False
Is 830274649 composite?
False
Is 84065417 prime?
True
Is 17035665077 a prime number?
True
Is 54933556673 prime?
True
Is 977538377 prime?
True
Is 330333659 a composite number?
True
Is 97762821181 composite?
False
Is 502069153 a composite number?
True
Is 24444495401 composite?
True
Is 4748725903 composite?
True
Is 33724358519 composite?
True
Is 3475125163 prime?
False
Is 45446350753 composite?
False
Is 10038587503 a composite number?
True
Is 2972132921 prime?
True
Is 85389089 a composite number?
False
Is 3426178367 a prime number?
False
Is 79076394247 prime?
False
Is 3780563041 composite?
True
Is 18721739029 composite?
True
Is 39384746431 a prime number?
False
Is 74111346071 composite?
True
Is 140892410207 a composite number?
False
Is 16226473661 prime?
True
Is 5768244557 a composite number?
True
Is 1721921957 prime?
False
Is 1208184511 composite?
False
Is 103575669151 a prime number?
True
Is 206252003 composite?
True
Is 4404648307 a composite number?
True
Is 521246561 a prime number?
False
Is 4121389759 prime?
True
Is 5198029885 composite?
True
Is 6404036957 a prime number?
True
Is 2980800923 a prime number?
True
Is 1246097683 a composite number?
False
Is 68383760729 prime?
False
Is 1015090021 prime?
False
Is 47610887 prime?
True
Is 5831538137 composite?
False
Is 287639987 a composite number?
True
Is 6808157089 a prime number?
True
Is 103415875439 prime?
False
Is 1059488897 a prime number?
False
Is 359190019 prime?
True
Is 6215768401 prime?
True
Is 84435322 a prime number?
False
Is 839900437 prime?
False
Is 3843283117 a composite number?
True
Is 4865293978 a composite number?
True
Is 64829726041 a prime number?
True
Is 677436017 a prime number?
False
Is 20957825099 prime?
False
Is 5924722537 prime?
True
Is 4637077979 a composite number?
True
Is 4231303691 prime?
True
Is 167247091 a prime number?
False
Is 178628581 a prime number?
False
Is 29145050713 a composite number?
True
Is 94255783653 prime?
False
Is 279793391 composite?
False
Is 2228183267 a composite number?
False
Is 6458513833 a prime number?
True
Is 1328712961 a prime number?
True
Is 502738783 a composite number?
False
Is 12629985997 composite?
False
Is 30966832003 composite?
False
Is 259035379 a prime number?
False
Is 57400426427 prime?
True
Is 1077329657 a composite number?
False
Is 138826687567 a composite number?
True
Is 6620171279 prime?
False
Is 657080573 prime?
True
Is 7379793077 composite?
True
Is 1959023309 a prime number?
False
Is 5351901629 a prime number?
True
Is 41062713001 a composite number?
False
Is 5573864347 composite?
False
Is 2383488883 composite?
True
Is 415359761 prime?
True
Is 84660569491 a prime number?
False
Is 21724363277 a composite number?
True
Is 469491751 composite?
False
Is 4064731963 prime?
False
Is 105565762451 a composite number?
True
Is 218201136011 a prime number?
True
Is 56438244185 composite?
True
Is 2426324419 a composite number?
False
Is 682600469 a prime number?
False
Is 466566481 a prime number?
False
Is 1549975243 prime?
True
Is 325437559 a composite number?
True
Is 47770685761 a composite number?
True
Is 4909734199 a composite number?
False
Is 34079205833 prime?
True
Is 166641199 prime?
True
Is 4254069439 prime?
True
Is 7438033213 prime?
False
Is 11854747753 prime?
True
Is 43405885153 prime?
True
Is 37198803137 a prime number?
True
Is 44043098299 a prime number?
True
Is 9167841553 composite?
True
Is 12666383507 composite?
False
Is 9124072709 a composite number?
False
Is 1904776879 a prime number?
False
Is 8075573941 prime?
True
Is 67084552819 prime?
False
Is 40671224771 prime?
True
Is 1259675671 a composite number?
False
Is 59710303753 prime?
False
Is 25826497183 a prime number?
True
Is 29178493973 a prime number?
True
Is 808812457 composite?
True
Is 470954807 a prime number?
False
Is 5166350107 composite?
True
Is 6801657119 a prime number?
False
Is 53535592561 composite?
True
Is 291603211 prime?
False
Is 18782249909 composite?
True
Is 2079632153 a prime number?
True
Is 23777018339 prime?
False
Is 18020332619 a composite number?
False
Is 9919728737 a prime number?
True
Is 10372202917 prime?
False
Is 110601165659 composite?
True
Is 1530913299 composite?
True
Is 868595153 a prime number?
False
Is 36572392157 prime?
False
Is 6123038771 prime?
False
Is 18662873 a prime number?
True
Is 16260019199 composite?
False
Is 2308510147 a prime number?
True
Is 99750559 a prime number?
True
Is 1072636087 a composite number?
False
Is 39771717443 composite?
False
Is 5318000495 a prime number?
False
Is 11465653867 a composite number?
False
Is 74198987477 prime?
True
Is 51663572561 a composite number?
True
Is 6762273701 a prime number?
True
Is 80993894263 a prime number?
False
Is 77910456887 a composite number?
True
Is 42533109517 a composite number?
False
Is 4256160299 composite?
False
Is 474371866 composite?
True
Is 437030129 prime?
True
Is 368850253 a composite number?
True
Is 10053473489 composite?
True
Is 182541419 a composite number?
False
Is 1087365511 a composite number?
False
Is 133442749 prime?
False
Is 43111069333 a prime number?
False
Is 1081077419 prime?
False
Is 1225907 prime?
True
Is 11710746409 a prime number?
False
Is 973210411 a composite number?
False
Is 442922759 a composite number?
True
Is 1719266837 prime?
False
Is 78355833 a composite number?
True
Is 3333082411 composite?
False
Is 1279108297 a composite number?
False
Is 155164336367 composite?
False
Is 1539694067 a prime number?
True
Is 16026480157 prime?
False
Is 731783533 a prime number?
False
Is 28261420783 composite?
True
Is 15209963099 composite?
False
Is 638862509 a composite number?
False
Is 3747634181 a composite number?
False
Is 75150160881 composite?
True
Is 12072698123 prime?
True
Is 382980373 pri